) = -d**3 + 120*d**2 - 1202*d + 337. Determine g(109).
10
Let q(k) = 54*k + 307. Determine q(-5).
37
Let u(p) = p**3 + 17*p**2 - 105*p - 34. Calculate u(-22).
-144
Let d(z) = -z**2 + 16*z - 84. Calculate d(8).
-20
Let g(x) = x**3 - 5*x**2 + 9*x. What is g(4)?
20
Let q(h) = -765*h - 21381. Determine q(-28).
39
Let i(m) = -11*m**2 + 40*m - 76. Determine i(2).
-40
Let o(i) = -115*i + 14697. What is o(128)?
-23
Let j(b) = 5502*b - 165064. Calculate j(30).
-4
Let k(b) = 6*b + 132. Determine k(-13).
54
Let f(t) = 47*t + 5930. Calculate f(-126).
8
Let q(m) = m**3 + 109*m**2 + 111*m + 317. Give q(-108).
-7
Let n(m) = -12*m + 81. Give n(4).
33
Let w(a) = -22*a**2 - 209*a - 478. What is w(-4)?
6
Let r(u) = u**2 + 421*u - 8370. What is r(19)?
-10
Let f(h) = -102*h - 5. What is f(1)?
-107
Let o(a) = -9*a - 20. Determine o(-19).
151
Let w(i) = -i**2 + 53*i + 2268. Calculate w(81).
0
Let v(x) = -x**3 + 35*x**2 + 5*x - 167. What is v(35)?
8
Let d(y) = -y**3 - 110*y**2 - 321*y + 2. Calculate d(-107).
2
Let p(n) = 9*n**2 - 557*n - 66. What is p(62)?
-4
Let v(r) = 240*r - 2878. Determine v(12).
2
Let n(v) = 3*v**2 + 197*v - 51. What is n(-59)?
-1231
Let g(w) = w**3 + 9*w**2 + 11*w - 22. What is g(-8)?
-46
Let w(i) = -436*i - 3035. Calculate w(-7).
17
Let t(k) = -733*k + 14700. Calculate t(20).
40
Let l(q) = q**2 - 7*q - 62. Calculate l(-6).
16
Let v(q) = -4*q**3 + q**2 + 6*q. Give v(0).
0
Let z(d) = -15*d**2 - 368*d - 203. Calculate z(-24).
-11
Let o(n) = -2*n**3 - 20*n**2 - 8*n + 87. Give o(-9).
-3
Let c(q) = -q**3 + 151*q**2 - 148*q - 272. Calculate c(150).
28
Let f(u) = -4*u**2 - 107*u - 36. Give f(-25).
139
Let q(m) = 4*m**2 - 31*m + 200. Calculate q(9).
245
Let s(y) = -y**2 + 42*y + 717. What is s(-13)?
2
Let c(w) = w**3 - 3*w**2 - 61*w - 126. Give c(-4).
6
Let r(q) = -307*q + 3929. Give r(13).
-62
Let t(c) = 2*c**3 + 150*c**2 + 831*c + 178. Determine t(-69).
-29
Let b(m) = m**3 + 4*m**2 - 46*m - 67. Give b(6).
17
Let l(u) = 81*u - 50. Give l(5).
355
Let a(m) = 13*m**2 + 32*m - 23. Calculate a(-4).
57
Let l(u) = -u**3 + 5*u**2 - 4*u - 16. Give l(-4).
144
Let b(y) = 4*y**3 - 25*y**2 + 83*y - 115. What is b(6)?
347
Let p(o) = -o**3 + 7*o**2 + 20*o + 6. What is p(-8)?
806
Let p(j) = -14*j + 340. Determine p(18).
88
Let g(o) = -o**2 + 5*o + 9318. What is g(99)?
12
Let d(n) = 20*n**2 - 37*n + 86. Determine d(5).
401
Let z(s) = -s**2 + 18*s + 287. What is z(-12)?
-73
Let q(v) = -50*v**2 - 8152*v - 322. Determine q(-163).
4
Let x(l) = 37*l**2 - 136*l - 23. Give x(4).
25
Let g(c) = 7*c**2 - 23*c + 98. Give g(5).
158
Let t(w) = w**2 + 26*w - 192. What is t(7)?
39
Let t(k) = -28*k + 302. What is t(12)?
-34
Let q(c) = 348*c - 1075. What is q(3)?
-31
Let y(g) = -6174*g + 18527. Calculate y(3).
5
Let x(g) = -2*g**2 - 106*g + 974. Give x(9).
-142
Let b(n) = -2*n**2 + 83*n - 308. What is b(40)?
-188
Let n(j) = j**2 - 24*j + 111. What is n(14)?
-29
Let o(u) = -u**2 + 117*u - 2546. Give o(88).
6
Let r(u) = 303*u - 1409. Give r(5).
106
Let a(w) = -w**3 - 37*w**2 - 4*w - 83. Determine a(-37).
65
Let v(q) = -2*q**2 - 15*q - 17. Give v(-2).
5
Let i(m) = m**3 - 12. Give i(-4).
-76
Let z(j) = -j**3 - 58*j**2 + 122*j + 177. Determine z(-60).
57
Let g(a) = 310*a + 6212. Give g(-19).
322
Let l(i) = -2125*i + 14876. Calculate l(7).
1
Let i(r) = r**3 + 118*r**2 + 16*r + 1892. Determine i(-118).
4
Let c(b) = -62*b. Calculate c(-9).
558
Let o(l) = -89*l + 2159. Determine o(23).
112
Let t(m) = m**3 - 28*m**2 - 34*m + 123. Give t(29).
-22
Let r(s) = -14*s**2 - 11*s - 20. Calculate r(-2).
-54
Let p(v) = -v**2 - 58*v + 22875. What is p(-183)?
0
Let p(b) = 4*b**2 + 240*b - 240. What is p(-61)?
4
Let m(j) = 63*j + 350. Determine m(-18).
-784
Let r(q) = -q**3 - 11*q**2 - 17*q - 1. Calculate r(-8).
-57
Let w(n) = n**3 + 32*n**2 - 72*n - 3186. What is w(-31)?
7
Let x(w) = 3*w**2 + 52*w + 25. Calculate x(-19).
120
Let m(i) = 74*i**3 - i**2 + 12*i + 14. Give m(-1).
-73
Let z(o) = 23*o**2 + 617*o - 57. Determine z(-27).
51
Let z(p) = 133*p - 46. What is z(1)?
87
Let b(j) = -j**2 + 39*j - 76. What is b(36)?
32
Let d(c) = -62*c + 205. Calculate d(-2).
329
Let m(g) = 719*g + 27340. Give m(-38).
18
Let a(v) = -2*v**3 - 11*v**2 + 45. Determine a(-7).
192
Let y(s) = -4*s**2 - 139*s + 2488. Determine y(13).
5
Let i(a) = -94*a + 383. Determine i(4).
7
Let c(l) = -110*l - 745. Give c(-7).
25
Let l(b) = 202*b + 1405. What is l(-7)?
-9
Let g(w) = -12*w**3 + 21*w**2 - 59*w + 13. What is g(3)?
-299
Let d(f) = -16*f**3 + 2208*f**2. Give d(138).
0
Let i(s) = -s**3 - 54*s**2 - 50*s + 144. Calculate i(-53).
-15
Let f(m) = -m**3 + 9*m**2 - 37*m + 217. What is f(6)?
103
Let r(c) = -40*c**2 - 9*c + 3. Give r(3).
-384
Let x(o) = 391*o - 15243. Calculate x(39).
6
Let y(q) = 218*q - 2166. Determine y(10).
14
Let f(n) = -7*n + 104. Determine f(21).
-43
Let u(d) = -d**2 + 35*d + 409. Determine u(-9).
13
Let u(v) = -v**3 - 6*v**2 + 11*v + 91. What is u(-6)?
25
Let j(x) = 3*x**3 - 21*x**2 + 2*x + 52. Calculate j(6).
-44
Let y(b) = 2*b**3 - 56*b**2 + 234*b - 26. Calculate y(23).
66
Let j(b) = -407*b + 1994. What is j(5)?
-41
Let l(r) = 2*r - 41. What is l(-23)?
-87
Let f(y) = -183*y + 483. Calculate f(3).
-66
Let g(b) = -5*b**3 + 119*b**2 + 155*b - 121. What is g(25)?
4
Let m(i) = 145*i - 7980. What is m(55)?
-5
Let s(j) = j**3 + 10*j**2 - 13*j + 48. Determine s(-10).
178
Let a(w) = -w**3 - 5*w**2 + 285*w + 1455. Determine a(-5).
30
Let d(u) = -3*u**3 - 141*u**2 + 7*u + 265. Give d(-47).
-64
Let t(f) = 2*f**3 - 95*f**2 - 13406*f - 115. Give t(109).
-6
Let g(a) = -5*a**2 + 41*a + 367. Determine g(-7).
-165
Let z(o) = o**3 + 8*o**2 + o + 23. Determine z(-4).
83
Let n(g) = -g**2 - 13*g + 88. Determine n(-18).
-2
Let m(l) = l**2 - 11*l + 184. Calculate m(-22).
910
Let u(y) = 70*y - 13. Determine u(7).
477
Let y(t) = 13*t + 249. Give y(-20).
-11
Let w(m) = -7*m**2 + 212*m + 3831. Determine w(43).
4
Let l(z) = 3*z**2 - 129*z + 1343. What is l(25)?
-7
Let v(g) = 130*g + 2478. Calculate v(-19).
8
Let j(k) = -53*k - 1814. Give j(-34).
-12
Let f(i) = 552*i - 25396. What is f(46)?
-4
Let u(b) = -b**2 + 42*b + 155. Calculate u(50).
-245
Let a(b) = 12*b + 40. Give a(-3).
4
Let o(g) = -8*g**2 + 5*g. Calculate o(4).
-108
Let y(d) = -d - 112. Calculate y(-27).
-85
Let q(t) = t**2 - 73*t + 1093. Give q(52).
1
Let h(a) = -a**3 + 100*a**2 - 1772*a + 83. Determine h(77).
6
Let v(y) = 36*y - 70. Determine v(6).
146
Let m(q) = -q**3 - 3*q**2 - 40*q - 242. What is m(-5)?
8
Let z(j) = -2244*j + 2243. Determine z(1).
-1
Let q(g) = 17*g + 362. Give q(-22).
-12
Let u(w) = 2*w**3 + 2*w**2 + 16*w + 50. Determine u(-4).
-110
Let m(k) = -59*k - 41. What is m(0)?
-41
Let t(g) = -g**3 + 235*g**2 + 1203*g + 21. Calculate t(-5).
6
Let g(y) = 21*y + 19. Give g(-3).
-44
Let h(j) = -5*j**2 - 7*j + 45. Determine h(7).
-249
Let j(n) = 69*n - 154. Calculate j(2).
-16
Let y(a) = -3*a**2 - 14*a + 264. Calculate y(-12).
0
Let b(r) = r**2 + 171*r + 7295. What is b(-81)?
5
Let i(z) = -3*z**2 + 25*z + 43. What is i(-3)?
-59
Let n(i) = i**3 + 10*i**2 - 22*i - 145. What is n(-9)?
134
Let v(j) = 33*j - 1962. What is v(75)?
513
Let y(f) = 16*f**2 + 139*f + 131. Give y(-1).
8
Let p(t) = 5*t**3 + 11*t**2 - 5*t - 11. Determine p(-2).
3
Let z(w) = -180*w**2 + 5218*w + 61. Give z(29).
3
Let d(y) = 2*y**3 - 41*y**2 + 32*y + 6. What is d(20)?
246
Let w(b) = -b**3 + 2*b**2 - 13*b + 110. Determine w(6).
-112
Let k(d) = d**2 - 38*d - 2095. Give k(-31).
44
Let o(x) = 40*x + 13. Determine o(0).
13
Let t(g) = 51*g - 139. What is t(4)?
65
Let k(a) = a**2 - 83*a + 943. Calculate k(14).
-23
Let d(u) = -38*u**3 + 3*u**2 - 4*u - 7. Give d(-1).
38
Let b(j) = 59*j**2 + 467*j - 467. Determine b(1).
59
Let w(o) = 220*o**2 + 85*o - 84. Give w(1).
221
Let s(z) = 227*z - 3434. Calculate s(15).
-29
Let h(u) = -204*u + 447. Give h(2).
39
Let w(p) = -p**2 + 26*p + 110. What is w(-4)?
-10
Let u(d) = -d**3 + 10*d**2 + 4*d + 52. Determine u(11).
-25
Let t(d) = d**3 - 4*d**2 + 9*d - 46. Calculate t(7).
164
Let m(v) = -901*v**2 - 6300*v + 53. What is m(-7)?
4
Let p(z) = z**3 + 9*z**2 - 17*z - 9. What is p(-9)?
144
Let k(p) = 287*p - 302. What is k(-1)?
-589
Let p(b) = b**3 + 46*b**2 - 105*b - 436. Calculate p(-48).
-4
Let k(v) = -54*v - 963. Give k(-18).
9
Let n(v) = v**3 - 148*v**2 - 324*v + 3594. Giv